{"id":7,"date":"2021-02-26T10:33:53","date_gmt":"2021-02-26T10:33:53","guid":{"rendered":"https:\/\/agggie.aufvision.de\/?page_id=7"},"modified":"2024-07-21T18:54:51","modified_gmt":"2024-07-21T18:54:51","slug":"home","status":"publish","type":"page","link":"https:\/\/agnes-jeske.de\/","title":{"rendered":"Agnes Jeske"},"content":{"rendered":"\n<div style=\"height:100px\" aria-hidden=\"true\" class=\"wp-block-spacer\"><\/div>\n\n\n\n<h1 class=\"wp-block-heading has-text-align-center\" style=\"font-size:60px\"><strong>Entdecke deinen Weg, entdecke Dich!<\/strong><\/h1>\n\n\n\n<figure class=\"wp-block-image aligncenter size-large is-resized\"><img loading=\"lazy\" decoding=\"async\" width=\"635\" height=\"897\" src=\"https:\/\/agnes-jeske.de\/wp-content\/uploads\/2021\/03\/zeichen3.png\" alt=\"\" class=\"wp-image-189\" srcset=\"https:\/\/agnes-jeske.de\/wp-content\/uploads\/2021\/03\/zeichen3.png 635w, https:\/\/agnes-jeske.de\/wp-content\/uploads\/2021\/03\/zeichen3-212x300.png 212w, https:\/\/agnes-jeske.de\/wp-content\/uploads\/2021\/03\/zeichen3-45x64.png 45w\" sizes=\"auto, (max-width: 635px) 100vw, 635px\" \/><\/figure>\n\n\n\n<h2 class=\"wp-block-heading has-text-align-left\"><strong>Ein Leben in Frieden  und <strong>F\u00fclle<\/strong><\/strong> <strong>&#8211; im Einklang von K\u00f6rper, Geist und Seele.<\/strong><\/h2>\n\n\n\n<div style=\"height:30px\" aria-hidden=\"true\" class=\"wp-block-spacer\"><\/div>\n\n\n\n<h2 class=\"wp-block-heading\"><strong>Willkommen<\/strong><\/h2>\n\n\n\n<p class=\"has-medium-font-size\">Manchmal ist der Weg in ein erf\u00fclltes und ausgeglichenes Leben steiniger, als wir es erwartet haben. Auch k\u00f6nnen sich verschiedenste Beschwerden zeigen. Und hinderliche Muster lassen sich doch nicht so einfach ablegen, wie wir es uns vorgenommen haben.<\/p>\n\n\n\n<p class=\"has-medium-font-size\">Im Laufe unseres Lebens begegnen uns wahrscheinlich folgende und \u00e4hnliche Fragen, manchmal nur kurz und manchmal l\u00e4nger und immer wieder.<\/p>\n\n\n\n<p class=\"has-medium-font-size\">Wieso passiert \u2026 schon wieder?<br>Warum gelingt mir &#8230; nicht, obwohl ich es \u201ebesser\u201c wei\u00df?<br>Soll das \u201ealles\u201c sein? <br>Kenne und lebe ich mein ganzes Potenzial?<br>Was will ich eigentlich wirklich und wie gelange ich da hin?<\/p>\n\n\n\n<p class=\"has-medium-font-size\">Auf ihrem Weg ihre H\u00fcrden und daraus entstehende Frage zu erkennen und zu erforschen, m\u00f6chte ich sie unterst\u00fctzen. Und sie begleiten, diese in ihrer Individualit\u00e4t anzunehmen und auf ihre eigene (und damit beste) Weise anzugehen. <br>Ich berate sie gerne in einem pers\u00f6nlichen Gespr\u00e4ch!<\/p>\n\n\n\n<p class=\"has-medium-font-size\"><\/p>\n\n\n\n<div style=\"height:50px\" aria-hidden=\"true\" class=\"wp-block-spacer\"><\/div>\n\n\n\n<div class=\"wp-block-buttons is-horizontal is-content-justification-center is-layout-flex wp-container-core-buttons-is-layout-03627597 wp-block-buttons-is-layout-flex\">\n<div class=\"wp-block-button is-style-outline is-style-outline--1\" style=\"font-size:20px\"><a class=\"wp-block-button__link has-black-color has-text-color no-border-radius wp-element-button\" href=\"https:\/\/agnes-jeske.de\/index.php\/meine-arbeit\/\" target=\"_blank\" rel=\"https:\/\/agnes-jeske.de\/index.php\/kontakt\/ noopener\">Meine Arbeit<\/a><\/div>\n<\/div>\n\n\n\n<div class=\"wp-block-buttons is-horizontal is-content-justification-center is-layout-flex wp-container-core-buttons-is-layout-03627597 wp-block-buttons-is-layout-flex\">\n<div class=\"wp-block-button is-style-outline is-style-outline--2\" style=\"font-size:20px\"><a class=\"wp-block-button__link has-black-color has-text-color no-border-radius wp-element-button\" href=\"https:\/\/agnes-jeske.de\/index.php\/kontakt\/\" target=\"_blank\" rel=\"https:\/\/agnes-jeske.de\/index.php\/kontakt\/ noopener\">Kontakt<\/a><\/div>\n<\/div>\n\n\n\n<div style=\"height:200px\" aria-hidden=\"true\" class=\"wp-block-spacer\"><\/div>\n\n\n\n<p><\/p>\n\n\n\n<figure class=\"wp-block-image alignfull size-large\"><img loading=\"lazy\" decoding=\"async\" width=\"1024\" height=\"683\" src=\"https:\/\/agnes-jeske.de\/wp-content\/uploads\/2021\/03\/mann0005-1024x683.png\" alt=\"\" class=\"wp-image-339\" srcset=\"https:\/\/agnes-jeske.de\/wp-content\/uploads\/2021\/03\/mann0005-1024x683.png 1024w, https:\/\/agnes-jeske.de\/wp-content\/uploads\/2021\/03\/mann0005-300x200.png 300w, https:\/\/agnes-jeske.de\/wp-content\/uploads\/2021\/03\/mann0005-768x512.png 768w, https:\/\/agnes-jeske.de\/wp-content\/uploads\/2021\/03\/mann0005.png 1200w\" sizes=\"auto, (max-width: 1024px) 100vw, 1024px\" \/><\/figure>\n","protected":false},"excerpt":{"rendered":"<p>Entdecke deinen Weg, entdecke Dich! Ein Leben in Frieden und F\u00fclle &#8211; im Einklang von K\u00f6rper, Geist und Seele. Willkommen Manchmal ist der Weg in ein erf\u00fclltes und ausgeglichenes Leben steiniger, als wir es erwartet haben. Auch k\u00f6nnen sich verschiedenste Beschwerden zeigen. Und hinderliche Muster lassen sich doch nicht so einfach ablegen, wie wir es [&hellip;]<\/p>\n","protected":false},"author":1,"featured_media":0,"parent":0,"menu_order":1,"comment_status":"closed","ping_status":"closed","template":"","meta":{"_coblocks_attr":"","_coblocks_dimensions":"","_coblocks_responsive_height":"","_coblocks_accordion_ie_support":"","_uag_custom_page_level_css":"","site-sidebar-layout":"default","site-content-layout":"default","ast-site-content-layout":"default","site-content-style":"default","site-sidebar-style":"default","ast-global-header-display":"","ast-banner-title-visibility":"","ast-main-header-display":"","ast-hfb-above-header-display":"","ast-hfb-below-header-display":"","ast-hfb-mobile-header-display":"","site-post-title":"disabled","ast-breadcrumbs-content":"","ast-featured-img":"","footer-sml-layout":"","ast-disable-related-posts":"","theme-transparent-header-meta":"default","adv-header-id-meta":"","stick-header-meta":"","header-above-stick-meta":"","header-main-stick-meta":"","header-below-stick-meta":"","astra-migrate-meta-layouts":"set","ast-page-background-enabled":"default","ast-page-background-meta":{"desktop":{"background-color":"","background-image":"","background-repeat":"repeat","background-position":"center center","background-size":"auto","background-attachment":"scroll","background-type":"","background-media":"","overlay-type":"","overlay-color":"","overlay-opacity":"","overlay-gradient":""},"tablet":{"background-color":"","background-image":"","background-repeat":"repeat","background-position":"center center","background-size":"auto","background-attachment":"scroll","background-type":"","background-media":"","overlay-type":"","overlay-color":"","overlay-opacity":"","overlay-gradient":""},"mobile":{"background-color":"","background-image":"","background-repeat":"repeat","background-position":"center center","background-size":"auto","background-attachment":"scroll","background-type":"","background-media":"","overlay-type":"","overlay-color":"","overlay-opacity":"","overlay-gradient":""}},"ast-content-background-meta":{"desktop":{"background-color":"var(--ast-global-color-5)","background-image":"","background-repeat":"repeat","background-position":"center center","background-size":"auto","background-attachment":"scroll","background-type":"","background-media":"","overlay-type":"","overlay-color":"","overlay-opacity":"","overlay-gradient":""},"tablet":{"background-color":"var(--ast-global-color-5)","background-image":"","background-repeat":"repeat","background-position":"center center","background-size":"auto","background-attachment":"scroll","background-type":"","background-media":"","overlay-type":"","overlay-color":"","overlay-opacity":"","overlay-gradient":""},"mobile":{"background-color":"var(--ast-global-color-5)","background-image":"","background-repeat":"repeat","background-position":"center center","background-size":"auto","background-attachment":"scroll","background-type":"","background-media":"","overlay-type":"","overlay-color":"","overlay-opacity":"","overlay-gradient":""}},"footnotes":""},"class_list":["post-7","page","type-page","status-publish","hentry"],"yoast_head":"<!-- This site is optimized with the Yoast SEO plugin v27.4 - https:\/\/yoast.com\/product\/yoast-seo-wordpress\/ -->\n<title>Agnes Jeske - Entdecke deinen Weg, entdecke Dich!<\/title>\n<meta name=\"description\" content=\"Die Aura ist das Energiefeld des Menschen, jedes Lebewesen ist von seiner Aura umgeben und von ihr durchdrungen\" \/>\n<meta name=\"robots\" content=\"index, follow, max-snippet:-1, max-image-preview:large, max-video-preview:-1\" \/>\n<link rel=\"canonical\" href=\"https:\/\/agnes-jeske.de\/\" \/>\n<meta property=\"og:locale\" content=\"de_DE\" \/>\n<meta property=\"og:type\" content=\"article\" \/>\n<meta property=\"og:title\" content=\"Agnes Jeske - Entdecke deinen Weg, entdecke Dich!\" \/>\n<meta property=\"og:description\" content=\"Die Aura ist das Energiefeld des Menschen, jedes Lebewesen ist von seiner Aura umgeben und von ihr durchdrungen\" \/>\n<meta property=\"og:url\" content=\"https:\/\/agnes-jeske.de\/\" \/>\n<meta property=\"og:site_name\" content=\"Agnes Jeske\" \/>\n<meta property=\"article:modified_time\" content=\"2024-07-21T18:54:51+00:00\" \/>\n<meta property=\"og:image\" content=\"https:\/\/agnes-jeske.de\/wp-content\/uploads\/2021\/03\/zeichen3.png\" \/>\n<meta name=\"twitter:card\" content=\"summary_large_image\" \/>\n<meta name=\"twitter:label1\" content=\"Gesch\u00e4tzte Lesezeit\" \/>\n\t<meta name=\"twitter:data1\" content=\"2\u00a0Minuten\" \/>\n<script type=\"application\/ld+json\" class=\"yoast-schema-graph\">{\"@context\":\"https:\\\/\\\/schema.org\",\"@graph\":[{\"@type\":\"WebPage\",\"@id\":\"https:\\\/\\\/agnes-jeske.de\\\/\",\"url\":\"https:\\\/\\\/agnes-jeske.de\\\/\",\"name\":\"Agnes Jeske - Entdecke deinen Weg, entdecke Dich!\",\"isPartOf\":{\"@id\":\"https:\\\/\\\/agnes-jeske.de\\\/#website\"},\"primaryImageOfPage\":{\"@id\":\"https:\\\/\\\/agnes-jeske.de\\\/#primaryimage\"},\"image\":{\"@id\":\"https:\\\/\\\/agnes-jeske.de\\\/#primaryimage\"},\"thumbnailUrl\":\"https:\\\/\\\/agnes-jeske.de\\\/wp-content\\\/uploads\\\/2021\\\/03\\\/zeichen3.png\",\"datePublished\":\"2021-02-26T10:33:53+00:00\",\"dateModified\":\"2024-07-21T18:54:51+00:00\",\"description\":\"Die Aura ist das Energiefeld des Menschen, jedes Lebewesen ist von seiner Aura umgeben und von ihr durchdrungen\",\"breadcrumb\":{\"@id\":\"https:\\\/\\\/agnes-jeske.de\\\/#breadcrumb\"},\"inLanguage\":\"de\",\"potentialAction\":[{\"@type\":\"ReadAction\",\"target\":[\"https:\\\/\\\/agnes-jeske.de\\\/\"]}]},{\"@type\":\"ImageObject\",\"inLanguage\":\"de\",\"@id\":\"https:\\\/\\\/agnes-jeske.de\\\/#primaryimage\",\"url\":\"https:\\\/\\\/agnes-jeske.de\\\/wp-content\\\/uploads\\\/2021\\\/03\\\/zeichen3.png\",\"contentUrl\":\"https:\\\/\\\/agnes-jeske.de\\\/wp-content\\\/uploads\\\/2021\\\/03\\\/zeichen3.png\",\"width\":635,\"height\":897},{\"@type\":\"BreadcrumbList\",\"@id\":\"https:\\\/\\\/agnes-jeske.de\\\/#breadcrumb\",\"itemListElement\":[{\"@type\":\"ListItem\",\"position\":1,\"name\":\"Startseite\",\"item\":\"https:\\\/\\\/agnes-jeske.de\\\/\"},{\"@type\":\"ListItem\",\"position\":2,\"name\":\"Agnes Jeske\"}]},{\"@type\":\"WebSite\",\"@id\":\"https:\\\/\\\/agnes-jeske.de\\\/#website\",\"url\":\"https:\\\/\\\/agnes-jeske.de\\\/\",\"name\":\"Agnes Jeske\",\"description\":\"\",\"publisher\":{\"@id\":\"https:\\\/\\\/agnes-jeske.de\\\/#\\\/schema\\\/person\\\/7753f1f3228c4ea667c7c36e8a7b5941\"},\"potentialAction\":[{\"@type\":\"SearchAction\",\"target\":{\"@type\":\"EntryPoint\",\"urlTemplate\":\"https:\\\/\\\/agnes-jeske.de\\\/?s={search_term_string}\"},\"query-input\":{\"@type\":\"PropertyValueSpecification\",\"valueRequired\":true,\"valueName\":\"search_term_string\"}}],\"inLanguage\":\"de\"},{\"@type\":[\"Person\",\"Organization\"],\"@id\":\"https:\\\/\\\/agnes-jeske.de\\\/#\\\/schema\\\/person\\\/7753f1f3228c4ea667c7c36e8a7b5941\",\"name\":\"Agnes Jeske\",\"image\":{\"@type\":\"ImageObject\",\"inLanguage\":\"de\",\"@id\":\"https:\\\/\\\/agnes-jeske.de\\\/wp-content\\\/uploads\\\/2021\\\/03\\\/zeichen3.png\",\"url\":\"https:\\\/\\\/agnes-jeske.de\\\/wp-content\\\/uploads\\\/2021\\\/03\\\/zeichen3.png\",\"contentUrl\":\"https:\\\/\\\/agnes-jeske.de\\\/wp-content\\\/uploads\\\/2021\\\/03\\\/zeichen3.png\",\"width\":635,\"height\":897,\"caption\":\"Agnes Jeske\"},\"logo\":{\"@id\":\"https:\\\/\\\/agnes-jeske.de\\\/wp-content\\\/uploads\\\/2021\\\/03\\\/zeichen3.png\"},\"sameAs\":[\"http:\\\/\\\/agnes-jeske.de\"]}]}<\/script>\n<!-- \/ Yoast SEO plugin. -->","yoast_head_json":{"title":"Agnes Jeske - Entdecke deinen Weg, entdecke Dich!","description":"Die Aura ist das Energiefeld des Menschen, jedes Lebewesen ist von seiner Aura umgeben und von ihr durchdrungen","robots":{"index":"index","follow":"follow","max-snippet":"max-snippet:-1","max-image-preview":"max-image-preview:large","max-video-preview":"max-video-preview:-1"},"canonical":"https:\/\/agnes-jeske.de\/","og_locale":"de_DE","og_type":"article","og_title":"Agnes Jeske - Entdecke deinen Weg, entdecke Dich!","og_description":"Die Aura ist das Energiefeld des Menschen, jedes Lebewesen ist von seiner Aura umgeben und von ihr durchdrungen","og_url":"https:\/\/agnes-jeske.de\/","og_site_name":"Agnes Jeske","article_modified_time":"2024-07-21T18:54:51+00:00","og_image":[{"url":"https:\/\/agnes-jeske.de\/wp-content\/uploads\/2021\/03\/zeichen3.png","type":"","width":"","height":""}],"twitter_card":"summary_large_image","twitter_misc":{"Gesch\u00e4tzte Lesezeit":"2\u00a0Minuten"},"schema":{"@context":"https:\/\/schema.org","@graph":[{"@type":"WebPage","@id":"https:\/\/agnes-jeske.de\/","url":"https:\/\/agnes-jeske.de\/","name":"Agnes Jeske - Entdecke deinen Weg, entdecke Dich!","isPartOf":{"@id":"https:\/\/agnes-jeske.de\/#website"},"primaryImageOfPage":{"@id":"https:\/\/agnes-jeske.de\/#primaryimage"},"image":{"@id":"https:\/\/agnes-jeske.de\/#primaryimage"},"thumbnailUrl":"https:\/\/agnes-jeske.de\/wp-content\/uploads\/2021\/03\/zeichen3.png","datePublished":"2021-02-26T10:33:53+00:00","dateModified":"2024-07-21T18:54:51+00:00","description":"Die Aura ist das Energiefeld des Menschen, jedes Lebewesen ist von seiner Aura umgeben und von ihr durchdrungen","breadcrumb":{"@id":"https:\/\/agnes-jeske.de\/#breadcrumb"},"inLanguage":"de","potentialAction":[{"@type":"ReadAction","target":["https:\/\/agnes-jeske.de\/"]}]},{"@type":"ImageObject","inLanguage":"de","@id":"https:\/\/agnes-jeske.de\/#primaryimage","url":"https:\/\/agnes-jeske.de\/wp-content\/uploads\/2021\/03\/zeichen3.png","contentUrl":"https:\/\/agnes-jeske.de\/wp-content\/uploads\/2021\/03\/zeichen3.png","width":635,"height":897},{"@type":"BreadcrumbList","@id":"https:\/\/agnes-jeske.de\/#breadcrumb","itemListElement":[{"@type":"ListItem","position":1,"name":"Startseite","item":"https:\/\/agnes-jeske.de\/"},{"@type":"ListItem","position":2,"name":"Agnes Jeske"}]},{"@type":"WebSite","@id":"https:\/\/agnes-jeske.de\/#website","url":"https:\/\/agnes-jeske.de\/","name":"Agnes Jeske","description":"","publisher":{"@id":"https:\/\/agnes-jeske.de\/#\/schema\/person\/7753f1f3228c4ea667c7c36e8a7b5941"},"potentialAction":[{"@type":"SearchAction","target":{"@type":"EntryPoint","urlTemplate":"https:\/\/agnes-jeske.de\/?s={search_term_string}"},"query-input":{"@type":"PropertyValueSpecification","valueRequired":true,"valueName":"search_term_string"}}],"inLanguage":"de"},{"@type":["Person","Organization"],"@id":"https:\/\/agnes-jeske.de\/#\/schema\/person\/7753f1f3228c4ea667c7c36e8a7b5941","name":"Agnes Jeske","image":{"@type":"ImageObject","inLanguage":"de","@id":"https:\/\/agnes-jeske.de\/wp-content\/uploads\/2021\/03\/zeichen3.png","url":"https:\/\/agnes-jeske.de\/wp-content\/uploads\/2021\/03\/zeichen3.png","contentUrl":"https:\/\/agnes-jeske.de\/wp-content\/uploads\/2021\/03\/zeichen3.png","width":635,"height":897,"caption":"Agnes Jeske"},"logo":{"@id":"https:\/\/agnes-jeske.de\/wp-content\/uploads\/2021\/03\/zeichen3.png"},"sameAs":["http:\/\/agnes-jeske.de"]}]}},"uagb_featured_image_src":{"full":false,"thumbnail":false,"medium":false,"medium_large":false,"large":false,"1536x1536":false,"2048x2048":false},"uagb_author_info":{"display_name":"admin","author_link":"https:\/\/agnes-jeske.de\/index.php\/author\/daiker_n2f55yif\/"},"uagb_comment_info":0,"uagb_excerpt":"Entdecke deinen Weg, entdecke Dich! Ein Leben in Frieden und F\u00fclle &#8211; im Einklang von K\u00f6rper, Geist und Seele. Willkommen Manchmal ist der Weg in ein erf\u00fclltes und ausgeglichenes Leben steiniger, als wir es erwartet haben. Auch k\u00f6nnen sich verschiedenste Beschwerden zeigen. Und hinderliche Muster lassen sich doch nicht so einfach ablegen, wie wir es&hellip;","_links":{"self":[{"href":"https:\/\/agnes-jeske.de\/index.php\/wp-json\/wp\/v2\/pages\/7","targetHints":{"allow":["GET"]}}],"collection":[{"href":"https:\/\/agnes-jeske.de\/index.php\/wp-json\/wp\/v2\/pages"}],"about":[{"href":"https:\/\/agnes-jeske.de\/index.php\/wp-json\/wp\/v2\/types\/page"}],"author":[{"embeddable":true,"href":"https:\/\/agnes-jeske.de\/index.php\/wp-json\/wp\/v2\/users\/1"}],"replies":[{"embeddable":true,"href":"https:\/\/agnes-jeske.de\/index.php\/wp-json\/wp\/v2\/comments?post=7"}],"version-history":[{"count":124,"href":"https:\/\/agnes-jeske.de\/index.php\/wp-json\/wp\/v2\/pages\/7\/revisions"}],"predecessor-version":[{"id":613,"href":"https:\/\/agnes-jeske.de\/index.php\/wp-json\/wp\/v2\/pages\/7\/revisions\/613"}],"wp:attachment":[{"href":"https:\/\/agnes-jeske.de\/index.php\/wp-json\/wp\/v2\/media?parent=7"}],"curies":[{"name":"wp","href":"https:\/\/api.w.org\/{rel}","templated":true}]}}